07
What are the prime factors of 2368512?
2, 3, 257
What are the prime factors of 335189?
17, 19717
List the prime factors of 303444.
2, 3, 8429
What are the prime factors of 4415423?
31, 142433
What are the prime factors of 1687591?
1687591
What are the prime factors of 2076753?
3, 7, 98893
List the prime factors of 995374.
2, 37, 13451
List the prime factors of 186582.
2, 3, 11, 257
List the prime factors of 197514.
2, 3, 10973
List the prime factors of 678648.
2, 3, 28277
What are the prime factors of 2182842?
2, 3, 40423
What are the prime factors of 41899?
11, 13, 293
What are the prime factors of 4683320?
2, 5, 191, 613
What are the prime factors of 114156?
2, 3, 7, 151
List the prime factors of 150528.
2, 3, 7
What are the prime factors of 23094730?
2, 5, 29, 97, 821
What are the prime factors of 1080603?
3, 120067
What are the prime factors of 789039?
3, 87671
List the prime factors of 3688430.
2, 5, 103, 3581
What are the prime factors of 298007?
233, 1279
What are the prime factors of 28165?
5, 43, 131
List the prime factors of 134158.
2, 67079
List the prime factors of 27013825.
5, 1080553
What are the prime factors of 3384144?
2, 3, 71, 331
What are the prime factors of 28893982?
2, 13, 17, 65371
List the prime factors of 2303872.
2, 41, 439
What are the prime factors of 38693130?
2, 3, 5, 7, 23, 8011
What are the prime factors of 231405?
3, 5, 15427
What are the prime factors of 553230?
2, 3, 5, 683
What are the prime factors of 442134?
2, 3, 7, 11, 29
List the prime factors of 354329.
354329
List the prime factors of 1611724.
2, 47, 8573
What are the prime factors of 734677?
251, 2927
List the prime factors of 2100344.
2, 262543
List the prime factors of 629592.
2, 3, 37, 709
List the prime factors of 1289310.
2, 3, 5, 11, 3907
What are the prime factors of 969880?
2, 5, 24247
What are the prime factors of 732863?
732863
What are the prime factors of 547436?
2, 136859
What are the prime factors of 68662?
2, 11, 3121
List the prime factors of 71505.
3, 5, 7, 227
List the prime factors of 1769403.
3, 67, 8803
List the prime factors of 16459568.
2, 293, 3511
What are the prime factors of 731310?
2, 3, 5, 19, 1283
What are the prime factors of 160000?
2, 5
What are the prime factors of 7818549?
3, 2606183
What are the prime factors of 1725307?
1725307
What are the prime factors of 110279?
13, 17, 499
List the prime factors of 150927.
3, 7, 7187
What are the prime factors of 254258?
2, 19, 6691
List the prime factors of 17135920.
2, 5, 23, 67, 139
List the prime factors of 399847.
7, 239
What are the prime factors of 20991967?
20991967
List the prime factors of 19796522.
2, 41, 241421
List the prime factors of 9697101.
3, 73, 44279
What are the prime factors of 675081?
3, 11, 2273
What are the prime factors of 214248?
2, 3, 79, 113
What are the prime factors of 7984?
2, 499
List the prime factors of 4148677.
13, 319129
List the prime factors of 138612.
2, 3, 11551
List the prime factors of 1315915.
5, 263183
What are the prime factors of 2252621?
7, 19, 16937
What are the prime factors of 2570073?
3, 11, 19, 4099
List the prime factors of 35123819.
17, 43, 48049
List the prime factors of 136505.
5, 23, 1187
What are the prime factors of 476879?
13, 36683
What are the prime factors of 110723?
263, 421
List the prime factors of 165834.
2, 3, 37, 83
What are the prime factors of 5746600?
2, 5, 59, 487
What are the prime factors of 6897697?
61, 73, 1549
What are the prime factors of 3864236?
2, 17, 56827
What are the prime factors of 5676443?
383, 14821
List the prime factors of 21054046.
2, 13, 809771
List the prime factors of 23694038.
2, 521, 22739
List the prime factors of 16399952.
2, 1024997
List the prime factors of 291040.
2, 5, 17, 107
List the prime factors of 4631088.
2, 3, 7, 11, 179
List the prime factors of 5401516.
2, 1350379
List the prime factors of 540045.
3, 5, 11, 1091
What are the prime factors of 119896?
2, 7, 2141
List the prime factors of 30271924.
2, 2549, 2969
What are the prime factors of 2171319?
3, 41, 127, 139
List the prime factors of 9044905.
5, 1808981
What are the prime factors of 6621090?
2, 3, 5, 7, 41, 769
What are the prime factors of 556510?
2, 5, 19, 29, 101
List the prime factors of 2423707.
11, 13, 17, 997
List the prime factors of 595553.
7, 149, 571
What are the prime factors of 1670142?
2, 3, 173, 1609
List the prime factors of 264496.
2, 61, 271
List the prime factors of 21174811.
7, 432139
List the prime factors of 288075.
3, 5, 23, 167
What are the prime factors of 3001050?
2, 3, 5, 13, 19
List the prime factors of 10027602.
2, 3, 13, 42853
What are the prime factors of 204389?
313, 653
List the prime factors of 121171.
121171
What are the prime factors of 1021455?
3, 5, 22699
What are the prime factors of 4785732?
2, 3, 7, 2713
What are the prime factors of 264833?
31, 8543
What are the prime factors of 4125092?
2, 41, 25153
What are the prime factors of 195018?
2, 3, 32503
List the prime factors of 193529.
7, 27647
What are the prime factors of 1149631?
7, 164233
What are the prime factors of 794261?
13, 107, 571
List the prime factors of 146086.
2, 73043
List the prime factors of 268100.
2, 5, 7, 383
List the prime factors of 229512.
2, 3, 73, 131
List the prime factors of 7091394.
2, 3, 137, 8627
List the prime factors of 209905.
5, 41981
What are the prime factors of 68226?
2, 3, 83, 137
List the prime factors of 28666.
2, 11, 1303
What are the prime factors of 186908?
2, 46727
List the prime factors of 3432257.
3432257
What are the prime factors of 8829045?
3, 5, 196201
List the prime factors of 35613.
3, 1319
What are the prime factors of 587439?
3, 21757
List the prime factors of 4094204.
2, 1023551
List the prime factors of 6434361.
3, 547, 1307
What are the prime factors of 146334?
2, 3, 29
List the prime factors of 2428378.
2, 1214189
What are the prime factors of 16501440?
2, 3, 5, 17189
What are the prime factors of 1568900?
2, 5, 29, 541
List the prime factors of 7982138.
2, 509, 7841
List the prime factors of 604693.
23, 61, 431
List the prime factors of 11095762.
2, 53, 104677
List the prime factors of 2615339.
347, 7537
List the prime factors of 4007159.
13, 131, 181
What are the prime factors of 785311?
785311
List the prime factors of 24801652.
2, 2311, 2683
What are the prime factors of 746924?
2, 29, 47, 137
What are the prime factors of 178484?
2, 44621
What are the prime factors of 1462314?
2, 3, 7, 37, 941
What are the prime factors of 12265551?
3, 17, 80167
List the prime factors of 319347.
3, 7, 37, 137
List the prime factors of 4688032.
2, 43, 3407
List the prime factors of 332968.
2, 41621
List the prime factors of 1207604.
2, 301901
What are the prime factors of 425060?
2, 5, 53, 401
What are the prime factors of 514471?
17, 53, 571
List the prime factors of 1439601.
3, 541, 887
What are the prime factors of 866114?
2, 29, 109, 137
List the prime factors of 677216.
2, 21163
List the prime factors of 153160.
2, 5, 7, 547
What are the prime factors of 608570?
2, 5, 19, 3203
List the prime factors of 3021168.
2, 3, 113, 557
What are the prime factors of 516280?
2, 5, 12907
List the prime factors of 1140895.
5, 7, 37, 881
List the prime factors of 121578.
2, 3, 23, 881
List the prime factors of 207103.
13, 89, 179
What are the prime factors of 626696?
2, 7, 19, 31
List the prime factors of 2104102.
2, 7, 11, 13, 1051
What are the prime factors of 5301919?
7, 757417
What are the prime factors of 2389885?
5, 477977
List the prime factors of 27800923.
47, 591509
List the prime factors of 11557676.
2, 13, 47, 4729
List the prime factors of 275883.
3, 91961
List the prime factors of 491386.
2, 7, 35099
What are the prime factors of 854257?
854257
What are the prime factors of 391534?
2, 11, 13, 37
What are the prime factors of 6781343?
23, 31, 9511
List the prime factors of 4156777.
4156777
List the prime factors of 654815.
5, 7, 53, 353
List the prime factors of 58348.
2, 29, 503
What are the prime factors of 6775704?
2, 3, 13, 19, 127
What are the prime factors of 462583?
11, 3823
List the prime factors of 6564490.
2, 5, 47, 13967
What are the prime factors of 1476200?
2, 5, 11, 61
List the prime factors of 15084954.
2, 3, 31039
What are the prime factors of 166994